the prime factors of f?
11, 13
Let i = -6842 - -15280. List the prime factors of i.
2, 4219
Let k(o) = -o - 19. Let p be k(-19). Suppose 0 = -5*j - 8*v + 7*v + 49, p = -2*j + 2*v + 22. List the prime factors of j.
2, 5
Let m(j) = -j**3 + 11*j**2 - 19*j - 51. Let r be m(8). What are the prime factors of 6/r - (-29472)/66?
2, 223
Let t(y) = y**3 - 11*y**2 - 12*y - 25. Let u be (-9*6/(-8))/(24/64). Let m be u/2 + -4 + 8. What are the prime factors of t(m)?
157
What are the prime factors of ((-302038)/88)/(((-25)/(-5))/(-20))?
13729
Suppose 20 = 5*u, 3*u = -5*t - 885 + 7. Let i be 2*3/(-4) - 4676/56. Let v = i - t. What are the prime factors of v?
3, 31
Let c(q) = 23*q - 64. Let w be c(4). Let a(l) = -l**3 + 28*l**2 + 31*l - 20. List the prime factors of a(w).
2, 53
Let u be 1 + 1/4*4. Suppose -n + 3*f + u = -3*n, 0 = 2*f. What are the prime factors of (-12)/(n + 8/10)?
2, 3, 5
Suppose 11*f = 8*f + 36. Suppose 5*s = s + f. Suppose -3*p + 15 = 0, -j - 3*j = s*p - 243. List the prime factors of j.
3, 19
What are the prime factors of (-66)/45*2253*15/(-6)?
11, 751
What are the prime factors of ((-2)/(-3))/((-28)/(-239106))?
5693
Let j(t) = 4*t**2 + 23*t. Let l be j(-6). Suppose l*v = 7*v - 272. List the prime factors of v.
2, 17
Suppose 2*o = 4*l - 12494, 6743 + 8873 = 5*l - o. List the prime factors of l.
3, 347
Suppose 610 = 10*g - 0*g. Let m = 42 - g. Let a = m - -76. List the prime factors of a.
3, 19
List the prime factors of (6/(-9))/((-503723)/167904 - -3).
2, 3, 53
Let d = -13065 - -30057. What are the prime factors of d?
2, 3, 59
Let o(f) = -f**2 - 33*f + 34. Let k be o(-34). Let p(u) = -9*u + 394. List the prime factors of p(k).
2, 197
Suppose -h + 3*r = -4, -3*h + 4*r + 10 + 2 = 0. Suppose 2*s = 4*d - 66 - 410, h*d = -4. Let p = -103 - s. What are the prime factors of p?
137
Suppose 1012*l - 506759 = 1001*l. What are the prime factors of l?
23, 2003
Suppose 2*x + n - 66087 = 17652, -2*x + 2*n = -83718. What are the prime factors of x?
2, 11, 173
Let g = 214 - -35. Suppose t = -a - 23 + 87, g = 4*t - 3*a. List the prime factors of t.
3, 7
Let j be 6 + 10 - -5 - 4. Suppose 0 = j*k - 0*k - 2635. What are the prime factors of k?
5, 31
Let g(z) = -3*z**2 + 7*z + 8. Let w(v) = -1. Let y(o) = g(o) + 6*w(o). Let k be y(3). List the prime factors of (153 - 0) + k + 5.
2, 7, 11
Let k(z) = -2*z**3 + 11*z**2 - 31*z - 30. What are the prime factors of k(-8)?
2, 7, 139
Suppose 17*m - 8790 = -154. Suppose -4*z + f = -1026, 2*f - m = -z - z. What are the prime factors of z?
2
Let d(v) = 33*v + 15. Let a be d(11). List the prime factors of ((-270)/(-21))/(3/a).
2, 3, 5
Let w be 20/(280/42)*(-38)/(-6). Suppose w*z = 10*z + 7857. List the prime factors of z.
3, 97
Suppose -31344 = -161*n + 1339. Suppose -3*u = 5*g - 15, 5*u + 2 = 5*g + 27. What are the prime factors of 2/10*u*n?
7, 29
Let v = -279 + 642. Suppose 9*l = -2*l + v. List the prime factors of l.
3, 11
Suppose 17*t - 19*t + 80 = 0. Let y = -20 + t. Suppose 3*v + 1598 = y*v. List the prime factors of v.
2, 47
Let k(r) = 3*r**2 - 5*r + 2. Suppose -4*y + 20 = 6*y. Let s be k(y). Suppose 7*b - 330 = s*b. What are the prime factors of b?
2, 5, 11
Suppose -2*o + 42973 = g, 2*g - 85941 = -131*o + 126*o. What are the prime factors of g?
53, 811
Suppose -16334 = -30*q - 554. Suppose h = -3*v + 263, 0 = -4*h + 2*h + 4*v + q. What are the prime factors of h?
263
Let t be 139 + (-8 + 9)*(3 - 2). Suppose -1255 = -9*y + t. What are the prime factors of y?
5, 31
Let s = -2300 + 9561. What are the prime factors of s?
53, 137
Let t = -210 - -213. Suppose -548 = -2*o - p, -t*o = -p - 859 + 47. What are the prime factors of o?
2, 17
Suppose -3*m = 2*x - x + 12, 0 = 4*m + 20. Suppose 0 = -x*b, 3*b = -0*p - 4*p + 396. List the prime factors of p.
3, 11
Let t(f) = 110*f**3 + 5*f**2 - 39*f + 117. List the prime factors of t(4).
73, 97
Let d be 20/6*(-27)/(-6). Let c(s) = -15 - 34*s**3 + 30*s**2 + 19*s**3 + 7*s + 13*s**3. What are the prime factors of c(d)?
2, 3, 5
Suppose a - 2*a + 3510 = 0. Suppose -25*v - a = -30*v. Suppose 11*g - 8*g - v = 0. List the prime factors of g.
2, 3, 13
Let x(m) = -4*m + 9. Let a be x(8). Let i be a/(-7) + 26/(-91). Suppose 65 = p - 4*k, -7*k + 4*k + 165 = i*p. What are the prime factors of p?
3, 19
Suppose 4*x + 651235 - 138398 = 17*x. What are the prime factors of x?
103, 383
Let l(c) = c - 28. Let v be 30 + (6/(-1) - -4). Let h be l(v). Suppose h = 2*a + 2*u - 216, 9*a + u - 540 = 4*a. List the prime factors of a.
2, 3
Let r be ((-51)/4)/(10/(-40)). What are the prime factors of (2 - (3 + 0))*r*-7?
3, 7, 17
Suppose 2*u - 3*u + 19 = 3*a, 5*a - 31 = -2*u. Let f(i) = -i**2 + 7*i - 6. Let h be f(a). List the prime factors of 410/(-15)*h/4.
41
Let b = 24037 - 13804. What are the prime factors of b?
3, 379
Suppose -2*u + 0*u - 5*g = 9, -3*u = -2*g - 15. Suppose u*j = -4*l + 20, l - 4*j = 2 + 22. Suppose 0 = -13*b + l*b + 1500. What are the prime factors of b?
2, 3, 5
Suppose -8*g - 11192 = -3*z - 4*g, z = 4*g + 3720. Let s = z - 2018. What are the prime factors of s?
2, 859
Let t(k) = 368*k - 2567. What are the prime factors of t(44)?
5, 109
Let u(i) = 5*i**2 - 120*i - 2012. What are the prime factors of u(-51)?
109, 157
Let x = 116492 - 74911. List the prime factors of x.
43, 967
List the prime factors of 41918/(1 + 1) - 160/(192/(-6)).
2, 3, 1747
Let w(m) = 6639*m**2 + 249*m + 724. List the prime factors of w(-3).
2, 3733
Let b = 6988 + -3339. Suppose -28*a + b = -29643. What are the prime factors of a?
29, 41
List the prime factors of 210492/72 - (5/(-18) + 2/(-9)).
2, 17, 43
Let g be (0*(-5)/(-30))/(-6). Suppose -5*w - 3*i + 1917 = g, -5*i = -5*w - 232 + 2157. What are the prime factors of w?
2, 3
Let y = -90 + 42. Let n be (24/(0 - -2))/((-9)/y). Suppose n*c = 63*c + 73. What are the prime factors of c?
73
Suppose 15821 + 89659 = -5*w + 15*w. List the prime factors of w.
2, 3, 293
Suppose 0 = -7*c + 3*c - 2*g + 10, 3*c = -3*g. Suppose 0 = 5*f - 7 - 3, -c*f = -4*u - 90. Let m = u + 33. What are the prime factors of m?
13
Suppose 0 = -3*g - 2*n + 13244, 6069 = 3*g - 4*n - 7205. List the prime factors of g.
2, 47
Suppose -47*g + 130587 = -18*g. What are the prime factors of g?
3, 19, 79
Let d be ((-3 - 2) + -1)*-1. Suppose -93 + 357 = d*n. List the prime factors of n.
2, 11
Suppose -3*o - 2*m + 8423 + 7020 = 0, 3*o + m - 15442 = 0. What are the prime factors of o?
5147
Suppose 6*h - 70 = h. Suppose 2 = 3*a + h. Let v(w) = w**3 + 3*w**2 - 5*w + 1. What are the prime factors of v(a)?
5
Suppose -10*y - 15 + 1 - 6 = 0. Suppose 6*t = 5*n + 2*t - 29, 7 = 3*n - 5*t. List the prime factors of 6/((2/n)/2) + y.
2, 13
List the prime factors of (-9534)/(-6)*((390/21 - 1) + 1).
2, 5, 13, 227
Let b = 43272 + -28056. What are the prime factors of b?
2, 3, 317
Let m be (1 + 3)*(-9)/4*1. List the prime factors of (m*(-16)/216)/((-4)/(-498)).
83
Suppose 21*b + 46220 - 155276 = 112179. What are the prime factors of b?
5, 7, 43
Let t be ((-3843)/(-14))/(3/174). Suppose 30*k - t = k. List the prime factors of k.
3, 61
Let k = 6184 + 7860. What are the prime factors of ((-12)/(-15))/(-3 + k/4680)?
2, 3, 13
List the prime factors of -1 + 2 + -7 + 5140.
2, 17, 151
Let g be ((-189)/24*4)/((-2)/24). Suppose -5*h = 3*d - 1182 + 28, d = 5*h + g. List the prime factors of d.
383
What are the prime factors of 5/(6 - (-177223)/(-29538))?
2, 3, 547
Suppose 0 = 82*d - 74*d - 296. Suppose 2*y - x - 74 = 0, -y - 5*x + 4*x + d = 0. List the prime factors of y.
37
Let l(n) = n + 13. Let g be l(-8). Suppose 9*u + 8 = g*u. What are the prime factors of (-1156)/(-51) - u/6?
23
Let x = 7105 - -3388. What are the prime factors of x?
7, 1499
Let g = 46563 + -10958. What are the prime factors of g?
5, 7121
Let n(w) be the third derivative of 29*w**4/24 + 17*w**3/6 - 4*w**2 - 4*w. List the prime factors of n(13).
2, 197
Let r = -90 + 90. Suppose 2*h + m = h + 2, 3*m + 6 = 0. Suppose 3*g - h*g = -2*j + 187, r = 2*j - 5*g - 207. What are the prime factors of j?
7, 13
What are the prime factors of 256/(((-22)/(-6))/11)?
2, 3
Suppose -12*l + 7*l - 5*s + 49810 = 0, -3*l + 3*s = -29904. List the prime factors of l.
5, 1993
Let y be 9/(63/56*(-4)/(-402)). Let f = 43 + y. List the prime factors of f.
7, 11
Let f = 675 + -1456. Let k = 1749